s the highest common divisor of 285 and 551?
19
What is the greatest common divisor of 21 and 343?
7
What is the highest common divisor of 8453 and 553?
79
Calculate the highest common factor of 40 and 1160.
40
Calculate the greatest common factor of 72618 and 49.
49
Calculate the highest common divisor of 6533 and 94.
47
What is the highest common divisor of 21 and 24?
3
Calculate the highest common divisor of 14 and 56.
14
What is the highest common divisor of 4 and 17?
1
Calculate the highest common divisor of 125 and 2575.
25
Calculate the greatest common divisor of 406 and 14.
14
What is the greatest common factor of 14 and 20?
2
What is the highest common factor of 3 and 174?
3
Calculate the greatest common divisor of 124 and 1767.
31
Calculate the greatest common divisor of 192 and 480.
96
What is the greatest common divisor of 5425 and 175?
175
What is the highest common divisor of 42 and 112?
14
Calculate the highest common divisor of 55 and 286.
11
Calculate the highest common divisor of 48152 and 13.
13
What is the greatest common factor of 4 and 13?
1
Calculate the greatest common divisor of 30167 and 97.
97
Calculate the greatest common factor of 126 and 777.
21
Calculate the greatest common factor of 2714 and 46.
46
What is the greatest common divisor of 555 and 30?
15
Calculate the greatest common divisor of 132 and 312.
12
Calculate the greatest common divisor of 120 and 90.
30
What is the greatest common divisor of 210 and 70?
70
Calculate the highest common factor of 47071 and 103.
103
What is the greatest common divisor of 130 and 370?
10
What is the highest common factor of 1288 and 1748?
92
What is the greatest common factor of 44 and 33?
11
Calculate the greatest common divisor of 183 and 671.
61
Calculate the highest common divisor of 806 and 186.
62
Calculate the greatest common factor of 99 and 2211.
33
What is the greatest common divisor of 41 and 164?
41
Calculate the greatest common factor of 370 and 592.
74
Calculate the highest common divisor of 4455 and 264.
33
Calculate the highest common divisor of 486 and 7533.
243
What is the greatest common divisor of 100 and 4525?
25
Calculate the highest common divisor of 204 and 12.
12
What is the greatest common factor of 4960 and 186?
62
What is the highest common divisor of 25 and 4?
1
What is the greatest common factor of 170 and 4165?
85
Calculate the greatest common divisor of 54 and 2484.
54
What is the greatest common divisor of 12 and 1650?
6
Calculate the highest common factor of 4746 and 14.
14
Calculate the highest common factor of 960 and 15.
15
Calculate the greatest common divisor of 1608 and 120.
24
Calculate the greatest common divisor of 3810 and 30.
30
Calculate the highest common divisor of 38 and 950.
38
Calculate the greatest common divisor of 22 and 33.
11
What is the highest common divisor of 26 and 429?
13
What is the highest common divisor of 3332 and 2548?
196
Calculate the highest common factor of 45 and 1215.
45
Calculate the highest common divisor of 15379 and 21.
7
What is the greatest common factor of 24 and 416?
8
What is the greatest common divisor of 10 and 430?
10
What is the highest common divisor of 1088 and 192?
64
What is the highest common divisor of 9 and 1629?
9
Calculate the highest common factor of 169 and 117.
13
What is the highest common factor of 30112 and 32?
32
Calculate the greatest common factor of 28 and 8764.
28
Calculate the highest common divisor of 98 and 1694.
14
What is the highest common factor of 8226 and 27?
9
Calculate the greatest common factor of 1233 and 18.
9
Calculate the highest common divisor of 656 and 492.
164
Calculate the highest common divisor of 3014 and 44.
22
Calculate the highest common divisor of 657 and 45.
9
What is the greatest common factor of 405 and 6399?
81
What is the highest common divisor of 88 and 2750?
22
Calculate the greatest common factor of 10346 and 28.
14
What is the highest common divisor of 343 and 63?
7
What is the highest common divisor of 48 and 176?
16
What is the highest common factor of 320 and 1024?
64
Calculate the highest common divisor of 2533 and 17.
17
Calculate the highest common factor of 3721 and 122.
61
Calculate the highest common factor of 13 and 9477.
13
Calculate the greatest common factor of 177 and 105.
3
What is the greatest common divisor of 176 and 429?
11
Calculate the highest common divisor of 17 and 1377.
17
What is the greatest common factor of 301 and 43?
43
Calculate the greatest common factor of 260 and 20.
20
What is the greatest common factor of 23256 and 54?
18
What is the greatest common factor of 344 and 48?
8
What is the greatest common divisor of 28 and 938?
14
What is the highest common divisor of 30 and 75?
15
What is the highest common divisor of 145 and 10?
5
What is the highest common divisor of 8 and 664?
8
What is the greatest common factor of 1992 and 3735?
249
What is the greatest common factor of 1000 and 75?
25
Calculate the greatest common factor of 10 and 50.
10
Calculate the greatest common divisor of 19 and 323.
19
Calculate the highest common factor of 11 and 1375.
11
Calculate the highest common divisor of 64 and 608.
32
What is the highest common divisor of 143 and 559?
13
What is the greatest common factor of 710 and 71?
71
Calculate the highest common factor of 605 and 175.
5
What is the greatest common divisor of 368 and 304?
16
What is the greatest common divisor of 4 and 2012?
4
What is the greatest common divisor of 15 and 6375?
15
Calculate the highest common factor of 2812 and 19.
19
What is the greatest common factor of 102 and 153?
51
What is the greatest common divisor of 126 and 306?
18
What is the greatest common divisor of 235 and 3?
1
Calculate the greatest common factor of 25 and 135.
5
What is the highest common factor of 1953 and 6417?
279
Calculate the greatest common factor of 24 and 672.
24
What is the highest common factor of 30 and 330?
30
Calculate the highest common divisor of 189 and 525.
21
Calculate the highest common divisor of 65 and 9815.
65
What is the greatest common divisor of 48 and 72?
24
What is the greatest common divisor of 97 and 1?
1
Calculate the highest common factor of 13 and 7215.
13
Calculate the greatest common divisor of 1375 and 5875.
125
Calculate the greatest common factor of 486 and 17334.
162
Calculate the highest common factor of 96 and 9.
3
Calculate the highest common factor of 1458 and 18.
18
What is the highest common factor of 70872 and 24?
24
What is the greatest common divisor of 13256 and 16?
8
What is the highest common factor of 1120 and 350?
70
Calculate the highest common divisor of 22 and 4499.
11
What is the highest common divisor of 1695 and 5?
5
What is the greatest common divisor of 351 and 54?
27
What is the highest common factor of 5334 and 98?
14
Calculate the greatest common divisor of 8446 and 82.
82
Calculate the highest common divisor of 525 and 1400.
175
What is the greatest common divisor of 208 and 2938?
26
What is the greatest common factor of 171 and 1899?
9
What is the highest common factor of 30 and 1360?
10
What is the greatest common divisor of 100 and 17620?
20
Calculate the greatest common factor of 84 and 1554.
42
What is the highest common factor of 144 and 18?
18
What is the highest common factor of 238 and 748?
34
Calculate the greatest common factor of 8 and 16.
8
Calculate the greatest common factor of 6205 and 170.
85
Calculate the greatest common factor of 112 and 48.
16
Calculate the highest common factor of 52 and 51454.
26
What is the greatest common divisor of 1032 and 86?
86
Calculate the highest common factor of 469 and 28.
7
What is the highest common divisor of 3874 and 13?
13
Calculate the highest common factor of 38 and 18.
2
What is the highest common factor of 6480 and 108?
108
What is the highest common factor of 6403 and 19?
19
What is the highest common divisor of 57 and 12711?
57
Calculate the highest common divisor of 228 and 1026.
114
What is the highest common divisor of 94 and 14?
2
Calculate the highest common divisor of 80 and 86.
2
Calculate the highest common divisor of 32 and 68.
4
What is the highest common factor of 1160 and 40?
40
What is the greatest common factor of 7 and 4739?
7
What is